{"id":683,"date":"2011-05-11T06:07:25","date_gmt":"2011-05-11T06:07:25","guid":{"rendered":"http:\/\/ormanbiziz.com\/?page_id=683"},"modified":"2011-06-10T15:40:48","modified_gmt":"2011-06-10T15:40:48","slug":"orman-biziz-sarkisi","status":"publish","type":"page","link":"https:\/\/ormanbiziz.com\/?page_id=683","title":{"rendered":"Orman Biziz \u015eark\u0131s\u0131-Nota"},"content":{"rendered":"<p style=\"text-align: left;\"><strong><span style=\"color: #ff0000;\"><a rel=\"attachment wp-att-690\" href=\"http:\/\/ormanbiziz.com\/?attachment_id=690\">Orman Biziz \u015eark\u0131s\u0131n\u0131 Dinleyin<\/a><\/span><\/strong><strong><span style=\"color: #ff0000;\"><a rel=\"attachment wp-att-685\" href=\"http:\/\/ormanbiziz.com\/?attachment_id=685\"><img loading=\"lazy\" class=\"alignleft size-large wp-image-685\" title=\"orman sarki\" src=\"http:\/\/ormanbiziz.com\/wp-content\/uploads\/orman-sarki-724x1024.png\" alt=\"\" width=\"724\" height=\"1024\" srcset=\"https:\/\/ormanbiziz.com\/wp-content\/uploads\/orman-sarki-724x1024.png 724w, https:\/\/ormanbiziz.com\/wp-content\/uploads\/orman-sarki-106x150.png 106w, https:\/\/ormanbiziz.com\/wp-content\/uploads\/orman-sarki-212x300.png 212w\" sizes=\"(max-width: 724px) 100vw, 724px\" \/><\/a><\/span><\/strong><\/p>\n<p><a rel=\"attachment wp-att-686\" href=\"http:\/\/ormanbiziz.com\/?attachment_id=686\"><img loading=\"lazy\" class=\"alignleft size-large wp-image-686\" title=\"orman biziz piano\" src=\"http:\/\/ormanbiziz.com\/wp-content\/uploads\/orman-biziz-piano-1024x724.png\" alt=\"\" width=\"1024\" height=\"724\" srcset=\"https:\/\/ormanbiziz.com\/wp-content\/uploads\/orman-biziz-piano-1024x724.png 1024w, https:\/\/ormanbiziz.com\/wp-content\/uploads\/orman-biziz-piano-150x106.png 150w, https:\/\/ormanbiziz.com\/wp-content\/uploads\/orman-biziz-piano-300x212.png 300w\" sizes=\"(max-width: 1024px) 100vw, 1024px\" \/><\/a><\/p>\n","protected":false},"excerpt":{"rendered":"<p>Orman Biziz \u015eark\u0131s\u0131n\u0131 Dinleyin<\/p>\n","protected":false},"author":1,"featured_media":0,"parent":10,"menu_order":0,"comment_status":"open","ping_status":"open","template":"","meta":[],"_links":{"self":[{"href":"https:\/\/ormanbiziz.com\/index.php?rest_route=\/wp\/v2\/pages\/683"}],"collection":[{"href":"https:\/\/ormanbiziz.com\/index.php?rest_route=\/wp\/v2\/pages"}],"about":[{"href":"https:\/\/ormanbiziz.com\/index.php?rest_route=\/wp\/v2\/types\/page"}],"author":[{"embeddable":true,"href":"https:\/\/ormanbiziz.com\/index.php?rest_route=\/wp\/v2\/users\/1"}],"replies":[{"embeddable":true,"href":"https:\/\/ormanbiziz.com\/index.php?rest_route=%2Fwp%2Fv2%2Fcomments&post=683"}],"version-history":[{"count":16,"href":"https:\/\/ormanbiziz.com\/index.php?rest_route=\/wp\/v2\/pages\/683\/revisions"}],"predecessor-version":[{"id":689,"href":"https:\/\/ormanbiziz.com\/index.php?rest_route=\/wp\/v2\/pages\/683\/revisions\/689"}],"up":[{"embeddable":true,"href":"https:\/\/ormanbiziz.com\/index.php?rest_route=\/wp\/v2\/pages\/10"}],"wp:attachment":[{"href":"https:\/\/ormanbiziz.com\/index.php?rest_route=%2Fwp%2Fv2%2Fmedia&parent=683"}],"curies":[{"name":"wp","href":"https:\/\/api.w.org\/{rel}","templated":true}]}}