{"id":511,"date":"2010-11-11T12:27:26","date_gmt":"2010-11-11T12:27:26","guid":{"rendered":"http:\/\/ormanbiziz.com\/?page_id=511"},"modified":"2010-11-11T12:30:54","modified_gmt":"2010-11-11T12:30:54","slug":"ekosistem-dogada-nasil-ornek-toplanir","status":"publish","type":"page","link":"https:\/\/ormanbiziz.com\/?page_id=511","title":{"rendered":"Ekosistem-Do\u011fada Nas\u0131l \u00d6rnek Toplan\u0131r?"},"content":{"rendered":"<p><object classid=\"clsid:d27cdb6e-ae6d-11cf-96b8-444553540000\" width=\"400\" height=\"227\" codebase=\"http:\/\/download.macromedia.com\/pub\/shockwave\/cabs\/flash\/swflash.cab#version=6,0,40,0\"><param name=\"allowfullscreen\" value=\"true\" \/><param name=\"allowscriptaccess\" value=\"always\" \/><param name=\"src\" value=\"http:\/\/vimeo.com\/moogaloop.swf?clip_id=16727780&amp;server=vimeo.com&amp;show_title=1&amp;show_byline=1&amp;show_portrait=1&amp;color=00ADEF&amp;fullscreen=1&amp;autoplay=0&amp;loop=0\" \/><embed type=\"application\/x-shockwave-flash\" width=\"400\" height=\"227\" src=\"http:\/\/vimeo.com\/moogaloop.swf?clip_id=16727780&amp;server=vimeo.com&amp;show_title=1&amp;show_byline=1&amp;show_portrait=1&amp;color=00ADEF&amp;fullscreen=1&amp;autoplay=0&amp;loop=0\" allowscriptaccess=\"always\" allowfullscreen=\"true\"><\/embed><\/object><\/p>\n<p><a href=\"http:\/\/vimeo.com\/16727780\">Ekosistem-\u00d6rnek Toplama<\/a> from Do\u00e7.Dr. Cengiz T\u00fcre<\/p>\n","protected":false},"excerpt":{"rendered":"<p>Ekosistem-\u00d6rnek Toplama from Do\u00e7.Dr. Cengiz T\u00fcre<\/p>\n","protected":false},"author":1,"featured_media":0,"parent":223,"menu_order":6,"comment_status":"open","ping_status":"open","template":"","meta":[],"_links":{"self":[{"href":"https:\/\/ormanbiziz.com\/index.php?rest_route=\/wp\/v2\/pages\/511"}],"collection":[{"href":"https:\/\/ormanbiziz.com\/index.php?rest_route=\/wp\/v2\/pages"}],"about":[{"href":"https:\/\/ormanbiziz.com\/index.php?rest_route=\/wp\/v2\/types\/page"}],"author":[{"embeddable":true,"href":"https:\/\/ormanbiziz.com\/index.php?rest_route=\/wp\/v2\/users\/1"}],"replies":[{"embeddable":true,"href":"https:\/\/ormanbiziz.com\/index.php?rest_route=%2Fwp%2Fv2%2Fcomments&post=511"}],"version-history":[{"count":5,"href":"https:\/\/ormanbiziz.com\/index.php?rest_route=\/wp\/v2\/pages\/511\/revisions"}],"predecessor-version":[{"id":513,"href":"https:\/\/ormanbiziz.com\/index.php?rest_route=\/wp\/v2\/pages\/511\/revisions\/513"}],"up":[{"embeddable":true,"href":"https:\/\/ormanbiziz.com\/index.php?rest_route=\/wp\/v2\/pages\/223"}],"wp:attachment":[{"href":"https:\/\/ormanbiziz.com\/index.php?rest_route=%2Fwp%2Fv2%2Fmedia&parent=511"}],"curies":[{"name":"wp","href":"https:\/\/api.w.org\/{rel}","templated":true}]}}