{"id":395,"date":"2010-10-12T17:12:03","date_gmt":"2010-10-12T17:12:03","guid":{"rendered":"http:\/\/ormanbiziz.com\/?page_id=395"},"modified":"2010-10-12T18:05:46","modified_gmt":"2010-10-12T18:05:46","slug":"izbarco-bagi","status":"publish","type":"page","link":"https:\/\/ormanbiziz.com\/?page_id=395","title":{"rendered":"Izbar\u00e7o Ba\u011f\u0131"},"content":{"rendered":"<p><object classid=\"clsid:d27cdb6e-ae6d-11cf-96b8-444553540000\" width=\"480\" height=\"272\" codebase=\"http:\/\/download.macromedia.com\/pub\/shockwave\/cabs\/flash\/swflash.cab#version=6,0,40,0\"><param name=\"allowFullScreen\" value=\"true\" \/><param name=\"allowScriptAccess\" value=\"always\" \/><param name=\"src\" value=\"http:\/\/www.dailymotion.com\/swf\/video\/xf3v58_izbarco-bayy_tech?additionalInfos=0\" \/><param name=\"allowfullscreen\" value=\"true\" \/><embed type=\"application\/x-shockwave-flash\" width=\"480\" height=\"272\" src=\"http:\/\/www.dailymotion.com\/swf\/video\/xf3v58_izbarco-bayy_tech?additionalInfos=0\" allowscriptaccess=\"always\" allowfullscreen=\"true\"><\/embed><\/object><br \/>\n<strong><a href=\"http:\/\/www.dailymotion.com\/video\/xf3v58_izbarco-bayy_tech\">Izbarco Ba\u011f\u0131<\/a><\/strong><br \/>\n<em>Y\u00fckleyen <a href=\"http:\/\/www.dailymotion.com\/tfucar\">tfucar<\/a>. &#8211; <a href=\"http:\/\/www.dailymotion.com\/tr\/channel\/tech\"><\/a><\/em><br \/>\n<a rel=\"attachment wp-att-428\" href=\"http:\/\/ormanbiziz.com\/?attachment_id=428\"><img loading=\"lazy\" class=\"alignnone size-full wp-image-428\" title=\"izbarco\" src=\"http:\/\/ormanbiziz.com\/wp-content\/uploads\/izbarco1.jpg\" alt=\"\" width=\"480\" height=\"282\" srcset=\"https:\/\/ormanbiziz.com\/wp-content\/uploads\/izbarco1.jpg 480w, https:\/\/ormanbiziz.com\/wp-content\/uploads\/izbarco1-150x88.jpg 150w, https:\/\/ormanbiziz.com\/wp-content\/uploads\/izbarco1-300x176.jpg 300w\" sizes=\"(max-width: 480px) 100vw, 480px\" \/><\/a><\/p>\n","protected":false},"excerpt":{"rendered":"<p>Izbarco Ba\u011f\u0131 Y\u00fckleyen tfucar. &#8211;<\/p>\n","protected":false},"author":1,"featured_media":0,"parent":223,"menu_order":0,"comment_status":"open","ping_status":"open","template":"","meta":[],"_links":{"self":[{"href":"https:\/\/ormanbiziz.com\/index.php?rest_route=\/wp\/v2\/pages\/395"}],"collection":[{"href":"https:\/\/ormanbiziz.com\/index.php?rest_route=\/wp\/v2\/pages"}],"about":[{"href":"https:\/\/ormanbiziz.com\/index.php?rest_route=\/wp\/v2\/types\/page"}],"author":[{"embeddable":true,"href":"https:\/\/ormanbiziz.com\/index.php?rest_route=\/wp\/v2\/users\/1"}],"replies":[{"embeddable":true,"href":"https:\/\/ormanbiziz.com\/index.php?rest_route=%2Fwp%2Fv2%2Fcomments&post=395"}],"version-history":[{"count":9,"href":"https:\/\/ormanbiziz.com\/index.php?rest_route=\/wp\/v2\/pages\/395\/revisions"}],"predecessor-version":[{"id":442,"href":"https:\/\/ormanbiziz.com\/index.php?rest_route=\/wp\/v2\/pages\/395\/revisions\/442"}],"up":[{"embeddable":true,"href":"https:\/\/ormanbiziz.com\/index.php?rest_route=\/wp\/v2\/pages\/223"}],"wp:attachment":[{"href":"https:\/\/ormanbiziz.com\/index.php?rest_route=%2Fwp%2Fv2%2Fmedia&parent=395"}],"curies":[{"name":"wp","href":"https:\/\/api.w.org\/{rel}","templated":true}]}}